ase 7
0
3 (base 16) to base 12
3
-6 (base 14) to base 11
-6
What is 201 (base 3) in base 6?
31
What is 11 (base 9) in base 5?
20
6 (base 13) to base 4
12
Convert -13 (base 12) to base 2.
-1111
13 (base 7) to base 16
a
17 (base 11) to base 9
20
Convert -10 (base 8) to base 2.
-1000
18 (base 11) to base 3
201
Convert -1a (base 16) to base 14.
-1c
10 (base 4) to base 8
4
What is -5 (base 9) in base 13?
-5
What is 27 (base 9) in base 4?
121
-1103 (base 5) to base 8
-231
What is -86 (base 16) in base 9?
-158
Convert 14 (base 13) to base 2.
10001
Convert -32 (base 14) to base 15.
-2e
What is -34 (base 8) in base 13?
-22
What is -107 (base 8) in base 6?
-155
Convert -11 (base 3) to base 11.
-4
Convert 34 (base 5) to base 2.
10011
135 (base 7) to base 2
1001011
-45 (base 14) to base 6
-141
Convert -19 (base 16) to base 15.
-1a
What is -2 (base 3) in base 7?
-2
What is -4 (base 14) in base 7?
-4
What is 89 (base 12) in base 8?
151
-23 (base 4) to base 8
-13
Convert 0 (base 5) to base 16.
0
32 (base 8) to base 7
35
What is -22 (base 8) in base 11?
-17
What is -8 (base 9) in base 10?
-8
Convert 426 (base 7) to base 15.
e6
-87 (base 11) to base 3
-10112
Convert -26 (base 7) to base 11.
-19
Convert 6 (base 14) to base 8.
6
-23 (base 7) to base 4
-101
Convert -101 (base 2) to base 16.
-5
Convert 6 (base 16) to base 6.
10
Convert 2 (base 13) to base 3.
2
What is 10100 (base 2) in base 14?
16
Convert -3 (base 4) to base 12.
-3
Convert 11 (base 3) to base 5.
4
Convert 0 (base 16) to base 5.
0
Convert -1110 (base 2) to base 7.
-20
Convert -66 (base 16) to base 2.
-1100110
What is 233 (base 4) in base 13?
38
What is -31 (base 14) in base 13?
-34
Convert -116 (base 10) to base 8.
-164
What is -3 (base 12) in base 14?
-3
-23 (base 9) to base 6
-33
What is 86 (base 11) in base 7?
163
What is 1a (base 13) in base 5?
43
2 (base 10) to base 4
2
Convert 16a (base 11) to base 2.
11000101
What is 4 (base 6) in base 9?
4
243 (base 6) to base 14
71
Convert 5a (base 15) to base 9.
104
-1 (base 14) to base 16
-1
Convert -7 (base 11) to base 5.
-12
What is 0 (base 15) in base 3?
0
2 (base 15) to base 7
2
What is -17 (base 13) in base 16?
-14
Convert 1 (base 7) to base 4.
1
1110100 (base 2) to base 14
84
10202 (base 3) to base 10
101
-2d (base 14) to base 3
-1112
-122 (base 15) to base 14
-145
-27 (base 8) to base 3
-212
What is 1011010 (base 2) in base 13?
6c
122 (base 5) to base 7
52
2 (base 3) to base 12
2
What is -12 (base 3) in base 8?
-5
Convert 36 (base 7) to base 13.
21
What is 1110 (base 2) in base 14?
10
What is -31 (base 8) in base 13?
-1c
Convert -110 (base 2) to base 8.
-6
What is 3 (base 16) in base 9?
3
Convert -121 (base 3) to base 11.
-15
-23 (base 8) to base 10
-19
What is 13 (base 4) in base 10?
7
What is 1012 (base 4) in base 5?
240
What is -53 (base 12) in base 2?
-111111
What is -14 (base 15) in base 6?
-31
What is 15 (base 9) in base 10?
14
Convert 12000 (base 3) to base 4.
2013
What is 10 (base 3) in base 10?
3
3 (base 7) to base 14
3
What is -b6 (base 16) in base 11?
-156
Convert -11 (base 4) to base 2.
-101
-144 (base 5) to base 14
-37
What is -38 (base 13) in base 6?
-115
Convert -a (base 15) to base 14.
-a
What is -10b (base 15) in base 16?
-ec
What is -b (base 14) in base 11?
-10
What is 3 (base 6) in base 4?
3
Convert -232 (base 11) to base 14.
-15b
-2 (base 15) to base 16
-2
-3 (base 5) to base 15
-3
11 (base 9) to base 13
a
-2a0 (base 11) to base 14
-1b2
What is -3 (base 9) in base 13?
-3
Convert -4 (base 8) to base 10.
-4
15 (base 8) to base 10
13
What is -500 (base 6) in base 9?
-220
What is 2 (base 5) in base 4?
2
Convert 20 (base 6) to base 8.
14
13 (base 15) to base 7
24
Convert -1010111 (base 2) to base 14.
-63
What is -5 (base 9) in base 13?
-5
4c (base 16) to base 12
64
What is -74 (base 12) in base 9?
-107
What is 7 (base 11) in base 9?
7
What is 22 (base 3) in base 8?
10
-30 (base 7) to base 8
-25
What is 4 (base 5) in base 11?
4
Convert 2 (base 16) to base 3.
2
Convert 20 (base 9) to base 14.
14
-1132 (base 5) to base 13
-cb
0 (base 6) to base 10
0
Convert 101 (base 4) to base 13.
14
19 (base 15) to base 9
26
-20 (base 5) to base 16
-a
-154 (base 8) to base 11
-99
2 (base 12) to base 9
2
502 (base 8) to base 12
22a
Convert -21 (base 7) to base 11.
-14
6 (base 11) to base 14
6
9 (base 13) to base 10
9
What is 2213 (base 4) in base 2?
10100111
114 (base 7) to base 3
2020
Convert 220 (base 3) to base 16.
18
Convert -220 (base 4) to base 8.
-50
Convert -3 (base 4) to base 16.
-3
What is 93 (base 12) in base 15?
76
What is -49 (base 10) in base 12?
-41
3 (base 15) to base 3
10
What is -122 (base 5) in base 3?
-1101
What is 122 (base 3) in base 5?
32
132 (base 6) to base 15
3b
3a (base 11) to base 15
2d
What is 179 (base 10) in base 9?
218
Convert 101100001 (base 2) to base 12.
255
-112 (base 5) to base 12
-28
-78 (base 9) to base 4
-1013
What is 34 (base 7) in base 14?
1b
Convert 23 (base 15) to base 5.
113
Convert 12 (base 10) to base 4.
30
Convert 37 (base 13) to base 15.
31
Convert -3 (base 11) to base 3.
-10
What is -4c (base 15) in base 16?
-48
What is -76 (base 8) in base 10?
-62
3133 (base 4) to base 10
223
Convert -37 (base 13) to base 15.
-31
Convert -2223 (base 4) to base 16.
-ab
What is -2 (base 6) in base 12?
-2
Convert 2 (base 6) to base 16.
2
What is -1 (base 4) in base 6?
-1
3 (base 4) to base 15
3
What is -34 (base 7) in base 4?
-121
-101111 (base 2) to base 3
-1202
What is -47 (base 12) in base 7?
-106
Convert 7 (base 8) to base 7.
10
Convert 15 (base 11) to base 2.
10000
3 (base 10) to base 9
3
What is -a (base 14) in base 12?
-a
What is -112 (base 5) in base 15?
-22
What is 1 (base 8) in base 12?
1
Convert 21 (base 4) to base 7.
12
4 (base 10) to base 9
4
-42 (base 12) to base 7
-101
0 (base 15) to base 11
0
Convert 14 (base 9) to base 15.
d
What is 4 (base 10) in base 13?
4
0 (base 11) to base 7
0
35 (base 8) to base 5
104
What is 2 (base 14) in base 10?
2
8 (base 16) to base 9
8
d (base 16) to base 5
23
What is -62 (base 16) in base 8?
-142
What is 21 (base 14) in base 16?
1d
What is 303 (base 6) in base 2?
1101111
c (base 16) to base 13
c
Convert -110 (base 2) to base 11.
-6
What is 11 (base 4) in base 5?
10
2 (base 13) to base 2
10
Convert -250 (base 6) to base 16.
-66
Convert 123 (base 8) to base 7.
146
Convert -302 (base 4) to base 3.
-1212
3 (base 6) to base 7
3
What is 10 (base 2) in base 14?
2
Convert 1 (base 4) to base 6.
1
What is -34 (base 11) in base 8?
-45
-32 (base 9) to base 15
-1e
What is 10 (base 15) in base 10?
15
What is -9 (base 12) in base 13?
-9
What is -12020 (base 3) in base 11?
-119
-20 (base 14) to base 8
-34
Convert 5 (base 14) to base 4.
11
-6 (base 11) to base 7
-6
Convert 261 (base 7) to base 4.
2031
Convert -212 (base 3) to base 11.
-21
110101 (base 2) to base 7
104
What is -22 (base 3) in base 5?
-13
What is -2 (base 6) in base 3?
-2
Convert 14 (base 13) to base 5.
32
What is 10 (base 9) in base 2?
1001
235 (base 8) to base 10
157
Convert a0 (base 13) to base 14.
94
b7 (base 15) to base 7
334
Convert 5 (base 16) to base 2.
101
-55 (base 12) to base 9
-72
What is -53 (base 11) in base 7?
-112
-84 (base 12) to base 11
-91
Convert -160 (base 12) to base 2.
-11011000
What is -4 (base 13) in base 5?
-4
What is -2 (base 4) in base 15?
-2
Convert 5 (base 7) to base 6.
5
Convert 4 (base 13) to base 4.
10
What is -9 (base 16) in base 14?
-9
What is 11 (base 16) in base 11?
16
-3 (base 14) to base 3
-10
-106 (base 9) to base 15
-5c
Convert -2a (base 12) to base 6.
-54
What is 6 (base 14) in base 8?
6
What is -1 (base 14) in base 11?
-1
11110 (base 2) to base 3
1010
-4 (base 14) to base 4
-10
Convert -1100 (base 2) to base 6.
-20
-53 (base 8) to base 14
-31
4b (base 14) to base 12
57
Convert 3 (base 11) to base 14.
3
1 (base 9) to base 10
1
Convert -1232 (base 4) to base 13.
-86
Convert -83 (base 15) to base 7.
-234
Convert 2 (base 7) to base 8.
2
Convert 100110 (base 2) to base 5.
123
15 (base 6) to base 13
b
What is 40 (base 14) in base 16?
38
Convert -22 (base 13) to base 7.
-40
-21 (base 13) to base 16
-1b
Convert 1 (base 16) to base 6.
1
2 (base 9) to base 8
2
What is 12 (base 9) in base 6?
15
-4 (base 15) to base 3
-11
Convert 0 (base 15) to base 5.
0
Convert -4 (base 6) to base 13.
-4
Wh